{"id":496,"date":"2024-02-03T22:48:19","date_gmt":"2024-02-03T21:48:19","guid":{"rendered":"https:\/\/mariaelviragz.com\/?post_type=product&#038;p=496"},"modified":"2026-04-06T14:29:07","modified_gmt":"2026-04-06T19:29:07","slug":"libro-memorias-de-historias-recordadas","status":"publish","type":"product","link":"https:\/\/mariaelviragz.com\/index.php\/producto\/libro-memorias-de-historias-recordadas\/","title":{"rendered":"Libro historias de memorias recordadas"},"content":{"rendered":"<p>El tiempo, nuestro origen, el amor, lo que somos, las p\u00e9rdidas, la verdad, la determinaci\u00f3n, el miedo, lo extraordinario, el poder, la felicidad, el movimiento y el dolor, son las m\u00e1s frecuentes formas en las que encontramos inspiraci\u00f3n o respuestas, en cada una de estas palabras o cap\u00edtulos de nuestras vidas, hemos vuelto a elegir una y otra vez m\u00e1s, como un acto de aprendizaje, de b\u00fasqueda. Pero, a\u00fan con toda esta informaci\u00f3n muchas veces volvemos a elegir o a crear las mismas situaciones, pues todo cambio comienza cuando recordamos como lo hemos hecho en cada historia que tenemos para contar y que ahora debemos hacerlo dife\u00adrente, gracias a lo que esta experiencia nos ha dejado en nuestras memorias recordadas.<\/p>\n","protected":false},"excerpt":{"rendered":"<p>Este libro es \u00fanico en su tipo; es una obra que da la impresi\u00f3n de ser m\u00faltiples libros a la vez, y quiz\u00e1s te haga sentir que es una invitaci\u00f3n a Ser, ya que contiene pensamientos que te har\u00e1n reflexionar, frases escondidas en rincones o debajo de una fotograf\u00eda para inspirarte y renovarte. Adem\u00e1s, es un libro que te recitar\u00e1 poes\u00edas que podr\u00edan parecerte canciones, cada l\u00ednea se conectar\u00e1 con tus emociones y tu deseo de descubrirte un poco m\u00e1s a trav\u00e9s de las mismas preguntas y pensamientos que todos hemos tenido en alg\u00fan momento.<\/p>\n","protected":false},"featured_media":1417,"comment_status":"closed","ping_status":"closed","template":"","meta":[],"product_brand":[],"product_cat":[22],"product_tag":[],"class_list":{"0":"post-496","1":"product","2":"type-product","3":"status-publish","4":"has-post-thumbnail","6":"product_cat-sin-categorizar","7":"entry","9":"first","10":"instock","11":"shipping-taxable","12":"purchasable","13":"product-type-simple"},"yoast_head":"<!-- This site is optimized with the Yoast SEO plugin v27.2 - https:\/\/yoast.com\/product\/yoast-seo-wordpress\/ -->\n<title>Libro historias de memorias recordadas - Maria Elvira<\/title>\n<meta name=\"robots\" content=\"index, follow, max-snippet:-1, max-image-preview:large, max-video-preview:-1\" \/>\n<link rel=\"canonical\" href=\"https:\/\/mariaelviragz.com\/index.php\/producto\/libro-memorias-de-historias-recordadas\/\" \/>\n<meta property=\"og:locale\" content=\"es_ES\" \/>\n<meta property=\"og:type\" content=\"article\" \/>\n<meta property=\"og:title\" content=\"Libro historias de memorias recordadas - Maria Elvira\" \/>\n<meta property=\"og:description\" content=\"Este libro es \u00fanico en su tipo; es una obra que da la impresi\u00f3n de ser m\u00faltiples libros a la vez, y quiz\u00e1s te haga sentir que es una invitaci\u00f3n a Ser, ya que contiene pensamientos que te har\u00e1n reflexionar, frases escondidas en rincones o debajo de una fotograf\u00eda para inspirarte y renovarte. Adem\u00e1s, es un libro que te recitar\u00e1 poes\u00edas que podr\u00edan parecerte canciones, cada l\u00ednea se conectar\u00e1 con tus emociones y tu deseo de descubrirte un poco m\u00e1s a trav\u00e9s de las mismas preguntas y pensamientos que todos hemos tenido en alg\u00fan momento.\" \/>\n<meta property=\"og:url\" content=\"https:\/\/mariaelviragz.com\/index.php\/producto\/libro-memorias-de-historias-recordadas\/\" \/>\n<meta property=\"og:site_name\" content=\"Maria Elvira\" \/>\n<meta property=\"article:modified_time\" content=\"2026-04-06T19:29:07+00:00\" \/>\n<meta property=\"og:image\" content=\"https:\/\/mariaelviragz.com\/wp-content\/uploads\/2024\/02\/Blue-Soft-Book-Cover-Mockup-Pinterest-Pin-1.png\" \/>\n\t<meta property=\"og:image:width\" content=\"643\" \/>\n\t<meta property=\"og:image:height\" content=\"634\" \/>\n\t<meta property=\"og:image:type\" content=\"image\/png\" \/>\n<meta name=\"twitter:card\" content=\"summary_large_image\" \/>\n<meta name=\"twitter:label1\" content=\"Tiempo de lectura\" \/>\n\t<meta name=\"twitter:data1\" content=\"1 minuto\" \/>\n<script type=\"application\/ld+json\" class=\"yoast-schema-graph\">{\"@context\":\"https:\/\/schema.org\",\"@graph\":[{\"@type\":\"WebPage\",\"@id\":\"https:\/\/mariaelviragz.com\/index.php\/producto\/libro-memorias-de-historias-recordadas\/\",\"url\":\"https:\/\/mariaelviragz.com\/index.php\/producto\/libro-memorias-de-historias-recordadas\/\",\"name\":\"Libro historias de memorias recordadas - Maria Elvira\",\"isPartOf\":{\"@id\":\"https:\/\/mariaelviragz.com\/#website\"},\"primaryImageOfPage\":{\"@id\":\"https:\/\/mariaelviragz.com\/index.php\/producto\/libro-memorias-de-historias-recordadas\/#primaryimage\"},\"image\":{\"@id\":\"https:\/\/mariaelviragz.com\/index.php\/producto\/libro-memorias-de-historias-recordadas\/#primaryimage\"},\"thumbnailUrl\":\"https:\/\/mariaelviragz.com\/wp-content\/uploads\/2024\/02\/Brown-and-Cream-Soft-Book-Cover-Mockup-Instagram-Post-1.png\",\"datePublished\":\"2024-02-03T21:48:19+00:00\",\"dateModified\":\"2026-04-06T19:29:07+00:00\",\"breadcrumb\":{\"@id\":\"https:\/\/mariaelviragz.com\/index.php\/producto\/libro-memorias-de-historias-recordadas\/#breadcrumb\"},\"inLanguage\":\"es\",\"potentialAction\":[{\"@type\":\"ReadAction\",\"target\":[\"https:\/\/mariaelviragz.com\/index.php\/producto\/libro-memorias-de-historias-recordadas\/\"]}]},{\"@type\":\"ImageObject\",\"inLanguage\":\"es\",\"@id\":\"https:\/\/mariaelviragz.com\/index.php\/producto\/libro-memorias-de-historias-recordadas\/#primaryimage\",\"url\":\"https:\/\/mariaelviragz.com\/wp-content\/uploads\/2024\/02\/Brown-and-Cream-Soft-Book-Cover-Mockup-Instagram-Post-1.png\",\"contentUrl\":\"https:\/\/mariaelviragz.com\/wp-content\/uploads\/2024\/02\/Brown-and-Cream-Soft-Book-Cover-Mockup-Instagram-Post-1.png\",\"width\":1080,\"height\":1080},{\"@type\":\"BreadcrumbList\",\"@id\":\"https:\/\/mariaelviragz.com\/index.php\/producto\/libro-memorias-de-historias-recordadas\/#breadcrumb\",\"itemListElement\":[{\"@type\":\"ListItem\",\"position\":1,\"name\":\"Portada\",\"item\":\"https:\/\/mariaelviragz.com\/\"},{\"@type\":\"ListItem\",\"position\":2,\"name\":\"Productos\",\"item\":\"https:\/\/mariaelviragz.com\/index.php\/tienda\/\"},{\"@type\":\"ListItem\",\"position\":3,\"name\":\"Libro historias de memorias recordadas\"}]},{\"@type\":\"WebSite\",\"@id\":\"https:\/\/mariaelviragz.com\/#website\",\"url\":\"https:\/\/mariaelviragz.com\/\",\"name\":\"Maria Elvira\",\"description\":\"Escritora\",\"publisher\":{\"@id\":\"https:\/\/mariaelviragz.com\/#organization\"},\"potentialAction\":[{\"@type\":\"SearchAction\",\"target\":{\"@type\":\"EntryPoint\",\"urlTemplate\":\"https:\/\/mariaelviragz.com\/?s={search_term_string}\"},\"query-input\":{\"@type\":\"PropertyValueSpecification\",\"valueRequired\":true,\"valueName\":\"search_term_string\"}}],\"inLanguage\":\"es\"},{\"@type\":\"Organization\",\"@id\":\"https:\/\/mariaelviragz.com\/#organization\",\"name\":\"Maria Elvira\",\"url\":\"https:\/\/mariaelviragz.com\/\",\"logo\":{\"@type\":\"ImageObject\",\"inLanguage\":\"es\",\"@id\":\"https:\/\/mariaelviragz.com\/#\/schema\/logo\/image\/\",\"url\":\"https:\/\/mariaelviragz.com\/wp-content\/uploads\/2024\/02\/cropped-maria-elvira-3.png\",\"contentUrl\":\"https:\/\/mariaelviragz.com\/wp-content\/uploads\/2024\/02\/cropped-maria-elvira-3.png\",\"width\":642,\"height\":102,\"caption\":\"Maria Elvira\"},\"image\":{\"@id\":\"https:\/\/mariaelviragz.com\/#\/schema\/logo\/image\/\"}}]}<\/script>\n<!-- \/ Yoast SEO plugin. -->","yoast_head_json":{"title":"Libro historias de memorias recordadas - Maria Elvira","robots":{"index":"index","follow":"follow","max-snippet":"max-snippet:-1","max-image-preview":"max-image-preview:large","max-video-preview":"max-video-preview:-1"},"canonical":"https:\/\/mariaelviragz.com\/index.php\/producto\/libro-memorias-de-historias-recordadas\/","og_locale":"es_ES","og_type":"article","og_title":"Libro historias de memorias recordadas - Maria Elvira","og_description":"Este libro es \u00fanico en su tipo; es una obra que da la impresi\u00f3n de ser m\u00faltiples libros a la vez, y quiz\u00e1s te haga sentir que es una invitaci\u00f3n a Ser, ya que contiene pensamientos que te har\u00e1n reflexionar, frases escondidas en rincones o debajo de una fotograf\u00eda para inspirarte y renovarte. Adem\u00e1s, es un libro que te recitar\u00e1 poes\u00edas que podr\u00edan parecerte canciones, cada l\u00ednea se conectar\u00e1 con tus emociones y tu deseo de descubrirte un poco m\u00e1s a trav\u00e9s de las mismas preguntas y pensamientos que todos hemos tenido en alg\u00fan momento.","og_url":"https:\/\/mariaelviragz.com\/index.php\/producto\/libro-memorias-de-historias-recordadas\/","og_site_name":"Maria Elvira","article_modified_time":"2026-04-06T19:29:07+00:00","og_image":[{"width":643,"height":634,"url":"https:\/\/mariaelviragz.com\/wp-content\/uploads\/2024\/02\/Blue-Soft-Book-Cover-Mockup-Pinterest-Pin-1.png","type":"image\/png"}],"twitter_card":"summary_large_image","twitter_misc":{"Tiempo de lectura":"1 minuto"},"schema":{"@context":"https:\/\/schema.org","@graph":[{"@type":"WebPage","@id":"https:\/\/mariaelviragz.com\/index.php\/producto\/libro-memorias-de-historias-recordadas\/","url":"https:\/\/mariaelviragz.com\/index.php\/producto\/libro-memorias-de-historias-recordadas\/","name":"Libro historias de memorias recordadas - Maria Elvira","isPartOf":{"@id":"https:\/\/mariaelviragz.com\/#website"},"primaryImageOfPage":{"@id":"https:\/\/mariaelviragz.com\/index.php\/producto\/libro-memorias-de-historias-recordadas\/#primaryimage"},"image":{"@id":"https:\/\/mariaelviragz.com\/index.php\/producto\/libro-memorias-de-historias-recordadas\/#primaryimage"},"thumbnailUrl":"https:\/\/mariaelviragz.com\/wp-content\/uploads\/2024\/02\/Brown-and-Cream-Soft-Book-Cover-Mockup-Instagram-Post-1.png","datePublished":"2024-02-03T21:48:19+00:00","dateModified":"2026-04-06T19:29:07+00:00","breadcrumb":{"@id":"https:\/\/mariaelviragz.com\/index.php\/producto\/libro-memorias-de-historias-recordadas\/#breadcrumb"},"inLanguage":"es","potentialAction":[{"@type":"ReadAction","target":["https:\/\/mariaelviragz.com\/index.php\/producto\/libro-memorias-de-historias-recordadas\/"]}]},{"@type":"ImageObject","inLanguage":"es","@id":"https:\/\/mariaelviragz.com\/index.php\/producto\/libro-memorias-de-historias-recordadas\/#primaryimage","url":"https:\/\/mariaelviragz.com\/wp-content\/uploads\/2024\/02\/Brown-and-Cream-Soft-Book-Cover-Mockup-Instagram-Post-1.png","contentUrl":"https:\/\/mariaelviragz.com\/wp-content\/uploads\/2024\/02\/Brown-and-Cream-Soft-Book-Cover-Mockup-Instagram-Post-1.png","width":1080,"height":1080},{"@type":"BreadcrumbList","@id":"https:\/\/mariaelviragz.com\/index.php\/producto\/libro-memorias-de-historias-recordadas\/#breadcrumb","itemListElement":[{"@type":"ListItem","position":1,"name":"Portada","item":"https:\/\/mariaelviragz.com\/"},{"@type":"ListItem","position":2,"name":"Productos","item":"https:\/\/mariaelviragz.com\/index.php\/tienda\/"},{"@type":"ListItem","position":3,"name":"Libro historias de memorias recordadas"}]},{"@type":"WebSite","@id":"https:\/\/mariaelviragz.com\/#website","url":"https:\/\/mariaelviragz.com\/","name":"Maria Elvira","description":"Escritora","publisher":{"@id":"https:\/\/mariaelviragz.com\/#organization"},"potentialAction":[{"@type":"SearchAction","target":{"@type":"EntryPoint","urlTemplate":"https:\/\/mariaelviragz.com\/?s={search_term_string}"},"query-input":{"@type":"PropertyValueSpecification","valueRequired":true,"valueName":"search_term_string"}}],"inLanguage":"es"},{"@type":"Organization","@id":"https:\/\/mariaelviragz.com\/#organization","name":"Maria Elvira","url":"https:\/\/mariaelviragz.com\/","logo":{"@type":"ImageObject","inLanguage":"es","@id":"https:\/\/mariaelviragz.com\/#\/schema\/logo\/image\/","url":"https:\/\/mariaelviragz.com\/wp-content\/uploads\/2024\/02\/cropped-maria-elvira-3.png","contentUrl":"https:\/\/mariaelviragz.com\/wp-content\/uploads\/2024\/02\/cropped-maria-elvira-3.png","width":642,"height":102,"caption":"Maria Elvira"},"image":{"@id":"https:\/\/mariaelviragz.com\/#\/schema\/logo\/image\/"}}]}},"jetpack_sharing_enabled":true,"_links":{"self":[{"href":"https:\/\/mariaelviragz.com\/index.php\/wp-json\/wp\/v2\/product\/496","targetHints":{"allow":["GET"]}}],"collection":[{"href":"https:\/\/mariaelviragz.com\/index.php\/wp-json\/wp\/v2\/product"}],"about":[{"href":"https:\/\/mariaelviragz.com\/index.php\/wp-json\/wp\/v2\/types\/product"}],"replies":[{"embeddable":true,"href":"https:\/\/mariaelviragz.com\/index.php\/wp-json\/wp\/v2\/comments?post=496"}],"version-history":[{"count":2,"href":"https:\/\/mariaelviragz.com\/index.php\/wp-json\/wp\/v2\/product\/496\/revisions"}],"predecessor-version":[{"id":1460,"href":"https:\/\/mariaelviragz.com\/index.php\/wp-json\/wp\/v2\/product\/496\/revisions\/1460"}],"wp:featuredmedia":[{"embeddable":true,"href":"https:\/\/mariaelviragz.com\/index.php\/wp-json\/wp\/v2\/media\/1417"}],"wp:attachment":[{"href":"https:\/\/mariaelviragz.com\/index.php\/wp-json\/wp\/v2\/media?parent=496"}],"wp:term":[{"taxonomy":"product_brand","embeddable":true,"href":"https:\/\/mariaelviragz.com\/index.php\/wp-json\/wp\/v2\/product_brand?post=496"},{"taxonomy":"product_cat","embeddable":true,"href":"https:\/\/mariaelviragz.com\/index.php\/wp-json\/wp\/v2\/product_cat?post=496"},{"taxonomy":"product_tag","embeddable":true,"href":"https:\/\/mariaelviragz.com\/index.php\/wp-json\/wp\/v2\/product_tag?post=496"}],"curies":[{"name":"wp","href":"https:\/\/api.w.org\/{rel}","templated":true}]}}

<p>El tiempo, nuestro origen, el amor, lo que somos, las pérdidas, la verdad, la determinación, el miedo, lo extraordinario, el poder, la felicidad, el movimiento y el dolor, son las más frecuentes formas en las que encontramos inspiración o respuestas, en cada una de estas palabras o capítulos de nuestras vidas, hemos vuelto a elegir una y otra vez más, como un acto de aprendizaje, de búsqueda. Pero, aún con toda esta información muchas veces volvemos a elegir o a crear las mismas situaciones, pues todo cambio comienza cuando recordamos como lo hemos hecho en cada historia que tenemos para contar y que ahora debemos hacerlo dife­rente, gracias a lo que esta experiencia nos ha dejado en nuestras memorias recordadas.</p>

<p>Este libro es único en su tipo; es una obra que da la impresión de ser múltiples libros a la vez, y quizás te haga sentir que es una invitación a Ser, ya que contiene pensamientos que te harán reflexionar, frases escondidas en rincones o debajo de una fotografía para inspirarte y renovarte. Además, es un libro que te recitará poesías que podrían parecerte canciones, cada línea se conectará con tus emociones y tu deseo de descubrirte un poco más a través de las mismas preguntas y pensamientos que todos hemos tenido en algún momento.</p>

<!-- This site is optimized with the Yoast SEO plugin v27.2 - https://yoast.com/product/yoast-seo-wordpress/ -->
<title>Libro historias de memorias recordadas - Maria Elvira</title>
<meta name="robots" content="index, follow, max-snippet:-1, max-image-preview:large, max-video-preview:-1" />
<link rel="canonical" href="https://mariaelviragz.com/index.php/producto/libro-memorias-de-historias-recordadas/" />
<meta property="og:locale" content="es_ES" />
<meta property="og:type" content="article" />
<meta property="og:title" content="Libro historias de memorias recordadas - Maria Elvira" />
<meta property="og:description" content="Este libro es único en su tipo; es una obra que da la impresión de ser múltiples libros a la vez, y quizás te haga sentir que es una invitación a Ser, ya que contiene pensamientos que te harán reflexionar, frases escondidas en rincones o debajo de una fotografía para inspirarte y renovarte. Además, es un libro que te recitará poesías que podrían parecerte canciones, cada línea se conectará con tus emociones y tu deseo de descubrirte un poco más a través de las mismas preguntas y pensamientos que todos hemos tenido en algún momento." />
<meta property="og:url" content="https://mariaelviragz.com/index.php/producto/libro-memorias-de-historias-recordadas/" />
<meta property="og:site_name" content="Maria Elvira" />
<meta property="article:modified_time" content="2026-04-06T19:29:07+00:00" />
<meta property="og:image" content="https://mariaelviragz.com/wp-content/uploads/2024/02/Blue-Soft-Book-Cover-Mockup-Pinterest-Pin-1.png" />
	<meta property="og:image:width" content="643" />
	<meta property="og:image:height" content="634" />
	<meta property="og:image:type" content="image/png" />
<meta name="twitter:card" content="summary_large_image" />
<meta name="twitter:label1" content="Tiempo de lectura" />
	<meta name="twitter:data1" content="1 minuto" />
<script type="application/ld+json" class="yoast-schema-graph">{"@context":"https://schema.org","@graph":[{"@type":"WebPage","@id":"https://mariaelviragz.com/index.php/producto/libro-memorias-de-historias-recordadas/","url":"https://mariaelviragz.com/index.php/producto/libro-memorias-de-historias-recordadas/","name":"Libro historias de memorias recordadas - Maria Elvira","isPartOf":{"@id":"https://mariaelviragz.com/#website"},"primaryImageOfPage":{"@id":"https://mariaelviragz.com/index.php/producto/libro-memorias-de-historias-recordadas/#primaryimage"},"image":{"@id":"https://mariaelviragz.com/index.php/producto/libro-memorias-de-historias-recordadas/#primaryimage"},"thumbnailUrl":"https://mariaelviragz.com/wp-content/uploads/2024/02/Brown-and-Cream-Soft-Book-Cover-Mockup-Instagram-Post-1.png","datePublished":"2024-02-03T21:48:19+00:00","dateModified":"2026-04-06T19:29:07+00:00","breadcrumb":{"@id":"https://mariaelviragz.com/index.php/producto/libro-memorias-de-historias-recordadas/#breadcrumb"},"inLanguage":"es","potentialAction":[{"@type":"ReadAction","target":["https://mariaelviragz.com/index.php/producto/libro-memorias-de-historias-recordadas/"]}]},{"@type":"ImageObject","inLanguage":"es","@id":"https://mariaelviragz.com/index.php/producto/libro-memorias-de-historias-recordadas/#primaryimage","url":"https://mariaelviragz.com/wp-content/uploads/2024/02/Brown-and-Cream-Soft-Book-Cover-Mockup-Instagram-Post-1.png","contentUrl":"https://mariaelviragz.com/wp-content/uploads/2024/02/Brown-and-Cream-Soft-Book-Cover-Mockup-Instagram-Post-1.png","width":1080,"height":1080},{"@type":"BreadcrumbList","@id":"https://mariaelviragz.com/index.php/producto/libro-memorias-de-historias-recordadas/#breadcrumb","itemListElement":[{"@type":"ListItem","position":1,"name":"Portada","item":"https://mariaelviragz.com/"},{"@type":"ListItem","position":2,"name":"Productos","item":"https://mariaelviragz.com/index.php/tienda/"},{"@type":"ListItem","position":3,"name":"Libro historias de memorias recordadas"}]},{"@type":"WebSite","@id":"https://mariaelviragz.com/#website","url":"https://mariaelviragz.com/","name":"Maria Elvira","description":"Escritora","publisher":{"@id":"https://mariaelviragz.com/#organization"},"potentialAction":[{"@type":"SearchAction","target":{"@type":"EntryPoint","urlTemplate":"https://mariaelviragz.com/?s={search_term_string}"},"query-input":{"@type":"PropertyValueSpecification","valueRequired":true,"valueName":"search_term_string"}}],"inLanguage":"es"},{"@type":"Organization","@id":"https://mariaelviragz.com/#organization","name":"Maria Elvira","url":"https://mariaelviragz.com/","logo":{"@type":"ImageObject","inLanguage":"es","@id":"https://mariaelviragz.com/#/schema/logo/image/","url":"https://mariaelviragz.com/wp-content/uploads/2024/02/cropped-maria-elvira-3.png","contentUrl":"https://mariaelviragz.com/wp-content/uploads/2024/02/cropped-maria-elvira-3.png","width":642,"height":102,"caption":"Maria Elvira"},"image":{"@id":"https://mariaelviragz.com/#/schema/logo/image/"}}]}</script>
<!-- / Yoast SEO plugin. -->

Este libro es único en su tipo; es una obra que da la impresión de ser múltiples libros a la vez, y quizás te haga sentir que es una invitación a Ser, ya que contiene pensamientos que te harán reflexionar, frases escondidas en rincones o debajo de una fotografía para inspirarte y renovarte. Además, es un libro que te recitará poesías que podrían parecerte canciones, cada línea se conectará con tus emociones y tu deseo de descubrirte un poco más a través de las mismas preguntas y pensamientos que todos hemos tenido en algún momento.
